{"id":42,"date":"2017-09-06T15:09:12","date_gmt":"2017-09-06T13:09:12","guid":{"rendered":"http:\/\/liceum-parczew.pl\/?page_id=42"},"modified":"2025-09-30T12:31:48","modified_gmt":"2025-09-30T10:31:48","slug":"plan-lekcji","status":"publish","type":"page","link":"http:\/\/liceum-parczew.pl\/index.php\/plan-lekcji\/","title":{"rendered":"Matura 2026"},"content":{"rendered":"<p>Poni\u017cej zamieszczamy informacje na temat egzaminu maturalnego w roku szkolnym 2025\/2026.<\/p>\n<p><a href=\"https:\/\/cke.gov.pl\/egzamin-maturalny\/egzamin-maturalny-w-formule-2023\/o-egzaminie\/\">Informacje o egzaminie maturalnym<\/a><\/p>\n<p><a href=\"https:\/\/www.oke.krakow.pl\/inf\/filedata\/files\/Terminy%20dla%20uczni%C3%B3w%20klas%20maturalnych%20w%20roku%20szkolnym%202025-2026.pdf\">Terminy dla uczni\u00f3w klas maturalnych w roku szkolnym 2025\/2026<\/a><\/p>\n<p><a href=\"https:\/\/www.oke.krakow.pl\/inf\/filedata\/files\/Terminy%20dla%20absolwent%C3%B3w%20kt%C3%B3rzy%20w%20roku%20szkolnym%202025-2026%20przyst%C4%85pi%C4%85%20do%20matury.pdf\">Terminy dla absolwent\u00f3w, kt\u00f3rzy zamierzaj\u0105 w roku szkolnym 2025\/2026 przyst\u0105pi\u0107 do egzaminu maturalnego<\/a><\/p>\n<p><a href=\"https:\/\/cke.gov.pl\/images\/_EGZAMIN_MATURALNY_OD_2023\/komunikaty\/2026\/komunikaty\/20250820%20E8%20EM%20Komunikat%20o%20harmonogramie%202026.pdf\">Harmonogram matur<\/a><\/p>\n<p><a href=\"https:\/\/cke.gov.pl\/images\/_EGZAMIN_MATURALNY_OD_2023\/komunikaty\/2026\/komunikaty\/20250820%20EM%20Komunikat%20o%20dostosowaniach%202026.pdf\">Komunikat o dostosowaniach<\/a><\/p>\n<p><a href=\"https:\/\/cke.gov.pl\/images\/_EGZAMIN_MATURALNY_OD_2023\/komunikaty\/2026\/komunikaty\/20250820%20E8_EM%20Komunikat%20o%20przyborach%202026.pdf\">Komunikat o przyborach<\/a><\/p>\n<p><a href=\"https:\/\/www.gov.pl\/web\/edukacja\/komunikat-ministra-edukacji-w-sprawie-wykazu-olimpiad-przedmiotowych-przeprowadzanych-z-przedmiotu-lub-przedmiotow-objetych-egzaminem-osmoklasisty-lub-egzaminem-maturalnym-oraz-konkursow-dla-uczniow-szkol-i-placowek-artystycznych\">Wykaz olimpiad<\/a><\/p>\n<p><a href=\"https:\/\/cke.gov.pl\/egzamin-maturalny\/egzamin-maturalny-w-formule-2023\/harmonogram-komunikaty-i-informacje\/rok-szkolny-2025-2026\/komunikaty-w-sprawie-listy-jawnych-zadan-w-czesci-ustnej-egzaminu-maturalnego-w-2026-r\/\">Komunikaty w sprawie listy jawnych zada\u0144 w cz\u0119\u015bci ustnej egzaminu maturalnego w 2026 r.<\/a><\/p>\n<p><a href=\"https:\/\/cke.gov.pl\/images\/_EGZAMIN_MATURALNY_OD_2023\/komunikaty\/2026\/komunikaty\/20250820%20Ortografia%20na%20egzaminach.pdf\">Komunikat o ocenianiu poprawno\u015bci informatycznej<\/a><\/p>\n","protected":false},"excerpt":{"rendered":"<p>Poni\u017cej zamieszczamy informacje na temat egzaminu maturalnego w roku szkolnym 2025\/2026. Informacje o egzaminie maturalnym Terminy dla uczni\u00f3w klas maturalnych<\/p>\n","protected":false},"author":1,"featured_media":0,"parent":0,"menu_order":40,"comment_status":"closed","ping_status":"closed","template":"","meta":{"colormag_page_container_layout":"default_layout","colormag_page_sidebar_layout":"default_layout","footnotes":""},"class_list":["post-42","page","type-page","status-publish","hentry"],"_links":{"self":[{"href":"http:\/\/liceum-parczew.pl\/index.php\/wp-json\/wp\/v2\/pages\/42","targetHints":{"allow":["GET"]}}],"collection":[{"href":"http:\/\/liceum-parczew.pl\/index.php\/wp-json\/wp\/v2\/pages"}],"about":[{"href":"http:\/\/liceum-parczew.pl\/index.php\/wp-json\/wp\/v2\/types\/page"}],"author":[{"embeddable":true,"href":"http:\/\/liceum-parczew.pl\/index.php\/wp-json\/wp\/v2\/users\/1"}],"replies":[{"embeddable":true,"href":"http:\/\/liceum-parczew.pl\/index.php\/wp-json\/wp\/v2\/comments?post=42"}],"version-history":[{"count":52,"href":"http:\/\/liceum-parczew.pl\/index.php\/wp-json\/wp\/v2\/pages\/42\/revisions"}],"predecessor-version":[{"id":3834,"href":"http:\/\/liceum-parczew.pl\/index.php\/wp-json\/wp\/v2\/pages\/42\/revisions\/3834"}],"wp:attachment":[{"href":"http:\/\/liceum-parczew.pl\/index.php\/wp-json\/wp\/v2\/media?parent=42"}],"curies":[{"name":"wp","href":"https:\/\/api.w.org\/{rel}","templated":true}]}}