{"id":3670,"date":"2020-12-21T14:37:02","date_gmt":"2020-12-21T13:37:02","guid":{"rendered":"http:\/\/liceum-parczew.pl\/?page_id=3670"},"modified":"2020-12-21T14:37:02","modified_gmt":"2020-12-21T13:37:02","slug":"dodatkowe-dokumenty","status":"publish","type":"page","link":"http:\/\/liceum-parczew.pl\/index.php\/dodatkowe-dokumenty\/","title":{"rendered":"Dodatkowe dokumenty"},"content":{"rendered":"<p><a href=\"http:\/\/liceum-parczew.pl\/wp-content\/uploads\/2020\/12\/Klauzula-informacyjna-dla-Kandydatow-do-pracy-2.pdf\">Klauzula informacyjna dla Kandydat\u00f3w do pracy<\/a><\/p>\n<p><a href=\"http:\/\/liceum-parczew.pl\/wp-content\/uploads\/2020\/12\/Klauzula-informacyjna-dla-Stazystow-praktykantow-i-wolontariuszy.pdf\">Klauzula informacyjna dla Sta\u017cyst\u00f3w, praktykant\u00f3w i wolontariuszy<\/a><\/p>\n","protected":false},"excerpt":{"rendered":"<p>Klauzula informacyjna dla Kandydat\u00f3w do pracy Klauzula informacyjna dla Sta\u017cyst\u00f3w, praktykant\u00f3w i wolontariuszy<\/p>\n","protected":false},"author":1,"featured_media":0,"parent":0,"menu_order":0,"comment_status":"closed","ping_status":"closed","template":"","meta":{"colormag_page_container_layout":"default_layout","colormag_page_sidebar_layout":"default_layout","footnotes":""},"class_list":["post-3670","page","type-page","status-publish","hentry"],"_links":{"self":[{"href":"http:\/\/liceum-parczew.pl\/index.php\/wp-json\/wp\/v2\/pages\/3670","targetHints":{"allow":["GET"]}}],"collection":[{"href":"http:\/\/liceum-parczew.pl\/index.php\/wp-json\/wp\/v2\/pages"}],"about":[{"href":"http:\/\/liceum-parczew.pl\/index.php\/wp-json\/wp\/v2\/types\/page"}],"author":[{"embeddable":true,"href":"http:\/\/liceum-parczew.pl\/index.php\/wp-json\/wp\/v2\/users\/1"}],"replies":[{"embeddable":true,"href":"http:\/\/liceum-parczew.pl\/index.php\/wp-json\/wp\/v2\/comments?post=3670"}],"version-history":[{"count":1,"href":"http:\/\/liceum-parczew.pl\/index.php\/wp-json\/wp\/v2\/pages\/3670\/revisions"}],"predecessor-version":[{"id":3671,"href":"http:\/\/liceum-parczew.pl\/index.php\/wp-json\/wp\/v2\/pages\/3670\/revisions\/3671"}],"wp:attachment":[{"href":"http:\/\/liceum-parczew.pl\/index.php\/wp-json\/wp\/v2\/media?parent=3670"}],"curies":[{"name":"wp","href":"https:\/\/api.w.org\/{rel}","templated":true}]}}