{"id":3658,"date":"2020-12-18T14:25:33","date_gmt":"2020-12-18T13:25:33","guid":{"rendered":"http:\/\/liceum-parczew.pl\/?page_id=3658"},"modified":"2025-09-08T20:48:50","modified_gmt":"2025-09-08T18:48:50","slug":"klauzula-informacyjna-o-przetwarzaniu-danych-osobowych-monitoring-wizyjny","status":"publish","type":"page","link":"http:\/\/liceum-parczew.pl\/index.php\/klauzula-informacyjna-o-przetwarzaniu-danych-osobowych-monitoring-wizyjny\/","title":{"rendered":"KLAUZULA INFORMACYJNA O PRZETWARZANIU DANYCH OSOBOWYCH \u2013  MONITORING WIZYJNY"},"content":{"rendered":"<p><strong>Administrator danych osobowych<\/strong><\/p>\n<p>Administratorem danych osobowych, czyli podmiotem decyduj\u0105cym o tym, jak b\u0119d\u0105 wykorzystywane Pani\/Pana dane osobowe, jest \u00a0<strong>I Liceum Og\u00f3lnokszta\u0142c\u0105ce im. Miko\u0142aja Kopernika w Parczewie<\/strong>, ul. Mickiewicza 5, 21-200 Parczew, telefon 83 355 15 77, e-mail: <a href=\"mailto:liceum@parczew.pl\">liceum@parczew.pl<\/a><\/p>\n<p><strong>Kontakt w kwestiach zwi\u0105zanych z przetwarzaniem danych osobowych<\/strong><\/p>\n<p>We wszystkich sprawach zwi\u0105zanych z przetwarzaniem Pa\u0144stwa danych osobowych, jak r\u00f3wnie\u017c w przypadku pyta\u0144 lub w\u0105tpliwo\u015bci mog\u0105 si\u0119 Pa\u0144stwo kontaktowa\u0107 z\u00a0 Inspektorem Ochrony Danych pod adresem e-mail: <a href=\"mailto:iod.liceum@parczew.pl\">iod.liceum@parczew.pl<\/a> lub listownie na adres:<br \/>\nul. Mickiewicza 5, 21-200 Parczew<\/p>\n<p><strong>Cel przetwarzania danych<\/strong><\/p>\n<p>Dane osobowe przetwarzane s\u0105 w formie monitoringu wizyjnego w celu zapewnienia bezpiecze\u0144stwa uczni\u00f3w i pracownik\u00f3w oraz ochrony mienia w I Liceum Og\u00f3lnokszta\u0142c\u0105cym<br \/>\nim. Miko\u0142aja Kopernika w Parczewie. Monitoring swoim zasi\u0119giem obejmuje wej\u015bcia do szko\u0142y, korytarze oraz szatnie s\u0142u\u017c\u0105ce do zdejmowania i przechowywania odzie\u017cy wierzchniej. Wszystkie strefy monitorowane s\u0105 wyra\u017anie oznaczone przez umieszczenie piktogramu kamery, kt\u00f3ry jest graficznym znakiem informuj\u0105cym o stosowaniu monitoringu w danej przestrzeni.<\/p>\n<p><strong>Podstawa prawna<\/strong><\/p>\n<p>Podstaw\u0105 prawn\u0105 przetwarzania danych jest art 108a ustawy Prawo o\u015bwiatowe.<\/p>\n<p><strong>Odbiorcy danych osobowych<\/strong><\/p>\n<p>Dane osobowe utrwalone w systemie monitoringu mog\u0105 by\u0107 udost\u0119pniane podmiotom uprawnionym na podstawie przepis\u00f3w prawa, podmiotom \u015bwiadcz\u0105cym dla Administratora us\u0142ugi<br \/>\nw zakresie serwisu i utrzymania systemu,uczestnicz\u0105cym w danym zdarzeniu uczniom, ich rodzicom, nauczycielom\/pracownikom szko\u0142y w celu ustalenia rzeczywistego przebiegu zdarzenia oraz innym podmiotom wykazuj\u0105cym prawnie uzasadniony interes. Ka\u017cdorazowe zabezpieczenie zdarze\u0144 zarejestrowanych przez monitoring wizyjny odbywa si\u0119 na pisemny wniosek z\u0142o\u017cony<br \/>\ndo administratora.<\/p>\n<p><strong>Okres przetwarzania danych osobowych<\/strong><\/p>\n<p>Czas przetwarzania danych osobowych zapisanych w systemie monitoringu jest nie d\u0142u\u017cszy ni\u017c<br \/>\n8 dni, chyba, \u017ce nagranie stanowi lub mo\u017ce stanowi\u0107 dow\u00f3d w post\u0119powaniu, w\u00f3wczas nagranie przechowuje si\u0119 do czasu prawomocnego zako\u0144czenia post\u0119powania.<\/p>\n<p><strong>Przys\u0142uguj\u0105ce prawa<\/strong><\/p>\n<p>Przys\u0142uguje Pa\u0144stwu prawo do \u017c\u0105dania od administratora dost\u0119pu do danych osobowych, prawo do ich sprostowania, usuni\u0119cia lub ograniczenia przetwarzania, prawo wniesienia sprzeciwu.<\/p>\n<p><strong>Prawo wniesienia skargi<\/strong><\/p>\n<p>W przypadku kiedy uznaj\u0105 Pa\u0144stwo, i\u017c I LO. im. M. Kopernika w Parczewie przetwarza dane osobowe niezgodnie z prawem, przys\u0142uguje Pa\u0144stwu prawo wniesienia skargi do organu nadzorczego w\u0142a\u015bciwego w sprawach osobowych tj. <em>Prezesa Urz\u0119du Ochrony Danych Osobowych, ul. Stanis\u0142awa Moniuszki 1A, 00-014 Warszawa.<\/em><\/p>\n<p><strong>Obowi\u0105zek podania danych osobowych<\/strong><\/p>\n<p>Podanie danych osobowych wynika z przepis\u00f3w ustawy Prawo o\u015bwiatowe i jest warunkiem koniecznym do wej\u015bcia na teren szko\u0142y.<\/p>\n<p>&nbsp;<\/p>\n","protected":false},"excerpt":{"rendered":"<p>Administrator danych osobowych Administratorem danych osobowych, czyli podmiotem decyduj\u0105cym o tym, jak b\u0119d\u0105 wykorzystywane Pani\/Pana dane osobowe, jest \u00a0I Liceum<\/p>\n","protected":false},"author":1,"featured_media":0,"parent":0,"menu_order":0,"comment_status":"closed","ping_status":"closed","template":"","meta":{"colormag_page_container_layout":"default_layout","colormag_page_sidebar_layout":"default_layout","footnotes":""},"class_list":["post-3658","page","type-page","status-publish","hentry"],"_links":{"self":[{"href":"http:\/\/liceum-parczew.pl\/index.php\/wp-json\/wp\/v2\/pages\/3658","targetHints":{"allow":["GET"]}}],"collection":[{"href":"http:\/\/liceum-parczew.pl\/index.php\/wp-json\/wp\/v2\/pages"}],"about":[{"href":"http:\/\/liceum-parczew.pl\/index.php\/wp-json\/wp\/v2\/types\/page"}],"author":[{"embeddable":true,"href":"http:\/\/liceum-parczew.pl\/index.php\/wp-json\/wp\/v2\/users\/1"}],"replies":[{"embeddable":true,"href":"http:\/\/liceum-parczew.pl\/index.php\/wp-json\/wp\/v2\/comments?post=3658"}],"version-history":[{"count":2,"href":"http:\/\/liceum-parczew.pl\/index.php\/wp-json\/wp\/v2\/pages\/3658\/revisions"}],"predecessor-version":[{"id":6723,"href":"http:\/\/liceum-parczew.pl\/index.php\/wp-json\/wp\/v2\/pages\/3658\/revisions\/6723"}],"wp:attachment":[{"href":"http:\/\/liceum-parczew.pl\/index.php\/wp-json\/wp\/v2\/media?parent=3658"}],"curies":[{"name":"wp","href":"https:\/\/api.w.org\/{rel}","templated":true}]}}