{"id":1182,"date":"2019-01-22T21:25:04","date_gmt":"2019-01-22T20:25:04","guid":{"rendered":"http:\/\/liceum-parczew.pl\/?page_id=1182"},"modified":"2026-03-26T15:16:43","modified_gmt":"2026-03-26T14:16:43","slug":"rekrutacja","status":"publish","type":"page","link":"http:\/\/liceum-parczew.pl\/index.php\/rekrutacja\/","title":{"rendered":"Rekrutacja"},"content":{"rendered":"<header class=\"entry-header\">\n<h1 class=\"entry-title\" style=\"text-align: center;\" data-wahfont=\"34\">Oferta dla absolwent\u00f3w szk\u00f3\u0142 podstawowych<\/h1>\n<p style=\"text-align: center;\"><strong>na rok szkolny 2026\/2027<\/strong><\/p>\n<p>\u00a0<\/p>\n<\/header>\n<div class=\"entry-content clearfix\">\n<p data-wahfont=\"15\"><strong>Dla absolwent\u00f3w szk\u00f3\u0142 podstawowych proponujemy cztery klasy pierwsze na rok szkolny 2026\/2027:<\/strong><\/p>\n<\/div>\n<table style=\"height: 696px;\" width=\"785\">\n<tbody>\n<tr>\n<td width=\"189\">\n<p style=\"text-align: center;\"><strong>Nazwa oddzia\u0142u<\/strong><\/p>\n<\/td>\n<td width=\"255\">\n<p style=\"text-align: center;\"><strong>Przedmioty realizowane wg podstawy rozszerzonej:<\/strong><\/p>\n<\/td>\n<td width=\"217\">\n<p style=\"text-align: center;\"><strong>J\u0119zyki<\/strong><\/p>\n<\/td>\n<\/tr>\n<tr>\n<td width=\"189\">Ia: klasa\u00a0 humanistyczna<\/td>\n<td width=\"255\">\n<p><strong>1. j\u0119zyk polski,<br \/>2. j\u0119zyk angielski,<br \/>3. historia lub geografia lub biologia<\/strong><\/p>\n<p>dodatkowy przedmiot: edukacja filmowa,<\/p>\n<\/td>\n<td width=\"217\">j\u0119zyk angielski poziom rozszerzony(kontynuacja)\n<p>j\u0119zyk niemiecki\/j\u0119zyk rosyjski<\/p>\n<\/td>\n<\/tr>\n<tr>\n<td width=\"189\">Ib: klasa\u00a0 matematyczno- j\u0119zykowa<\/td>\n<td width=\"255\"><strong>1. matematyka,<br \/>2. j\u0119zyk angielski,<br \/>3. geografia lub fizyka,<\/strong><\/td>\n<td width=\"217\">j\u0119zyk angielski poziom rozszerzony (kontynuacja)\n<p>j\u0119zyk niemiecki\/j\u0119zyk rosyjski<\/p>\n<\/td>\n<\/tr>\n<tr>\n<td width=\"189\">Ic: klasa matematyczno- informatyczna<\/td>\n<td width=\"255\">\n<p><strong>1. matematyka,<br \/>2. informatyka,<br \/>3. fizyka lub geografia lub j\u0119zyk angielski<\/strong><\/p>\n<p>dodatkowy przedmiot:<br \/>programowanie urz\u0105dze\u0144 cyfrowych,<\/p>\n<\/td>\n<td width=\"217\">j\u0119zyk angielski(kontynuacja)\n<p>j\u0119zyk niemiecki\/j\u0119zyk rosyjski<\/p>\n<\/td>\n<\/tr>\n<tr>\n<td width=\"189\">Id: klasa biologiczno-chemiczna<\/td>\n<td width=\"255\">\n<p><strong>1. biologia,<br \/>2. chemia lub matematyka,<br \/>3. j\u0119zyk angielski<\/strong><\/p>\n<p>dodatkowy przedmiot: biologia do\u015bwiadczalna,<\/p>\n<\/td>\n<td width=\"217\">j\u0119zyk angielski poziom rozszerzony (kontynuacja)\n<p>j\u0119zyk niemiecki\/j\u0119zyk rosyjski<\/p>\n<\/td>\n<\/tr>\n<\/tbody>\n<\/table>\n<p>Ustala si\u0119 nast\u0119puj\u0105ce przedmioty, z kt\u00f3rych oceny b\u0119d\u0105 brane pod uwag\u0119 w zale\u017cno\u015bci od rozszerzenia programowego w danej klasie, przy ustalaniu liczby punkt\u00f3w osi\u0105ganych przez kandydat\u00f3w w procesie rekrutacyjnym:<\/p>\n<p>&#8211; klasa Ia \u2013 j\u0119zyk polski, matematyka, j\u0119zyk angielski, oraz do wyboru: historia lub geografia;<\/p>\n<p>&#8211; klasa Ib \u2013 j\u0119zyk polski, matematyka, j\u0119zyk angielski, oraz do wyboru: geografia lub fizyka;<\/p>\n<p>&#8211; klasa Ic \u2013 j\u0119zyk polski, matematyka, j\u0119zyk angielski, oraz do wyboru: informatyka lub fizyka;<\/p>\n<p>&#8211; klasa Id \u2013 j\u0119zyk polski, matematyka, j\u0119zyk angielski, oraz do wyboru: biologia lub chemia.<\/p>\n<p>W wyniku procesu rekrutacyjnego \u015brednia liczba uczni\u00f3w w klasach pierwszych ma wynosi\u0107 minimum 25. Mo\u017ce wynosi\u0107 mniej za zgod\u0105 Organu Prowadz\u0105cego szko\u0142\u0119.<\/p>\n<p><a href=\"http:\/\/liceum-parczew.pl\/wp-content\/uploads\/2026\/03\/Zarzadzenie-nr-21-klasy-pierwsze-i-regulamin-rekrutacji.pdf\">Zarz\u0105dzenie nr 21 &#8211; klasy pierwsze i regulamin rekrutacji<\/a><\/p>\n<p><a href=\"http:\/\/liceum-parczew.pl\/wp-content\/uploads\/2026\/03\/Nowy-Regulamin-Rekrutacji-do-I-Liceum-Ogolnoksztalcacego.pdf\">Nowy Regulamin Rekrutacji do I Liceum Og\u00f3lnokszta\u0142c\u0105cego<\/a><\/p>\n<p><a href=\"http:\/\/liceum-parczew.pl\/wp-content\/uploads\/2026\/03\/Szczegolowe-zasady-rekrutacji-uczniow-do.pdf\" data-wplink-edit=\"true\">Szczeg\u00f3\u0142owe zasady rekrutacji uczni\u00f3w do<\/a><\/p>\n<p>\u00a0<\/p>\n<p><img loading=\"lazy\" decoding=\"async\" class=\"aligncenter wp-image-6849 size-full\" src=\"http:\/\/liceum-parczew.pl\/wp-content\/uploads\/2026\/03\/1.png\" alt=\"\" width=\"707\" height=\"1000\" srcset=\"http:\/\/liceum-parczew.pl\/wp-content\/uploads\/2026\/03\/1.png 707w, http:\/\/liceum-parczew.pl\/wp-content\/uploads\/2026\/03\/1-212x300.png 212w\" sizes=\"auto, (max-width: 707px) 100vw, 707px\" \/> <img loading=\"lazy\" decoding=\"async\" class=\"aligncenter wp-image-6850 \" src=\"http:\/\/liceum-parczew.pl\/wp-content\/uploads\/2026\/03\/drzwi-2026.png\" alt=\"\" width=\"704\" height=\"996\" srcset=\"http:\/\/liceum-parczew.pl\/wp-content\/uploads\/2026\/03\/drzwi-2026.png 593w, http:\/\/liceum-parczew.pl\/wp-content\/uploads\/2026\/03\/drzwi-2026-212x300.png 212w\" sizes=\"auto, (max-width: 704px) 100vw, 704px\" \/><\/p>\n\n\n<p><\/p>\n","protected":false},"excerpt":{"rendered":"<p>Oferta dla absolwent\u00f3w szk\u00f3\u0142 podstawowych na rok szkolny 2026\/2027 \u00a0 Dla absolwent\u00f3w szk\u00f3\u0142 podstawowych proponujemy cztery klasy pierwsze na rok<\/p>\n","protected":false},"author":1,"featured_media":0,"parent":0,"menu_order":0,"comment_status":"closed","ping_status":"closed","template":"","meta":{"colormag_page_container_layout":"default_layout","colormag_page_sidebar_layout":"default_layout","footnotes":""},"class_list":["post-1182","page","type-page","status-publish","hentry"],"_links":{"self":[{"href":"http:\/\/liceum-parczew.pl\/index.php\/wp-json\/wp\/v2\/pages\/1182","targetHints":{"allow":["GET"]}}],"collection":[{"href":"http:\/\/liceum-parczew.pl\/index.php\/wp-json\/wp\/v2\/pages"}],"about":[{"href":"http:\/\/liceum-parczew.pl\/index.php\/wp-json\/wp\/v2\/types\/page"}],"author":[{"embeddable":true,"href":"http:\/\/liceum-parczew.pl\/index.php\/wp-json\/wp\/v2\/users\/1"}],"replies":[{"embeddable":true,"href":"http:\/\/liceum-parczew.pl\/index.php\/wp-json\/wp\/v2\/comments?post=1182"}],"version-history":[{"count":50,"href":"http:\/\/liceum-parczew.pl\/index.php\/wp-json\/wp\/v2\/pages\/1182\/revisions"}],"predecessor-version":[{"id":6858,"href":"http:\/\/liceum-parczew.pl\/index.php\/wp-json\/wp\/v2\/pages\/1182\/revisions\/6858"}],"wp:attachment":[{"href":"http:\/\/liceum-parczew.pl\/index.php\/wp-json\/wp\/v2\/media?parent=1182"}],"curies":[{"name":"wp","href":"https:\/\/api.w.org\/{rel}","templated":true}]}}