{"id":106,"date":"2017-09-17T10:01:18","date_gmt":"2017-09-17T08:01:18","guid":{"rendered":"http:\/\/liceum-parczew.pl\/?page_id=106"},"modified":"2022-10-24T14:35:16","modified_gmt":"2022-10-24T12:35:16","slug":"ubezpieczenie","status":"publish","type":"page","link":"http:\/\/liceum-parczew.pl\/index.php\/ubezpieczenie\/","title":{"rendered":"Ubezpieczenie"},"content":{"rendered":"<p><strong><u>Ubezpieczenie m\u0142odzie\u017cy I Liceum Og\u00f3lnokszta\u0142c\u0105cego im. Miko\u0142aja Kopernika w Parczewie\u00a0 od\u00a0 nast\u0119pstw nieszcz\u0119\u015bliwych wypadk\u00f3w<\/u><\/strong><\/p>\n<p><strong><u>Bezpieczna Nauka<\/u><\/strong><\/p>\n<p><strong><u>\u00a0<\/u><\/strong><\/p>\n<p><strong><u>Nr Polisy SZK0026823 <\/u><\/strong><\/p>\n<p><strong>\u00a0<\/strong><\/p>\n<p><strong>Jak wydarzy si\u0119 wypadek ubezpieczeniowy:<\/strong><\/p>\n<ol>\n<li><strong>przygotuj numer polisy<\/strong><\/li>\n<li><strong>zbierz wszystkie dokumenty potwierdzaj\u0105ce wypadek<\/strong><\/li>\n<li><strong>zbierz faktury i rachunki (imienne na dziecko) potwierdzaj\u0105ce poniesione koszty w zwi\u0105zku z wypadkiem <\/strong><\/li>\n<\/ol>\n<p>&nbsp;<\/p>\n<p><strong>Szkod\u0119 mo\u017cna zg\u0142osi\u0107 do TUZ na kilka sposob\u00f3w:<\/strong><\/p>\n<ol>\n<li><strong>dzwoni\u0105c na numer telefonu:<\/strong> <strong>(22) 327 60 60 <\/strong><\/li>\n<\/ol>\n<ol>\n<li><strong>wys\u0142a\u0107 zg\u0142oszenie na adres <\/strong><a href=\"mailto:szybkiennw@tuz.pl\"><strong>szybkiennw@tuz.pl<\/strong><\/a><\/li>\n<\/ol>\n<p><a href=\"http:\/\/liceum-parczew.pl\/wp-content\/uploads\/2022\/10\/ubezpieczenie.pdf\">Ubezpieczenie m\u0142odzie\u017cy I Liceum Og\u00f3lnokszta\u0142c\u0105cego im. Miko\u0142aja Kopernika w Parczewie\u00a0 od\u00a0 nast\u0119pstw nieszcz\u0119\u015bliwych wypadk\u00f3w Bezpieczna Nauka Ubezpieczenie m\u0142odzie\u017cy I Liceum Og\u00f3lnokszta\u0142c\u0105cego im. Miko\u0142aja Kopernika w Parczewie\u00a0 od\u00a0 nast\u0119pstw nieszcz\u0119\u015bliwych wypadk\u00f3w Bezpieczna Nauka<\/a><\/p>\n","protected":false},"excerpt":{"rendered":"<p>Ubezpieczenie m\u0142odzie\u017cy I Liceum Og\u00f3lnokszta\u0142c\u0105cego im. Miko\u0142aja Kopernika w Parczewie\u00a0 od\u00a0 nast\u0119pstw nieszcz\u0119\u015bliwych wypadk\u00f3w Bezpieczna Nauka \u00a0 Nr Polisy SZK0026823<\/p>\n","protected":false},"author":3,"featured_media":0,"parent":0,"menu_order":0,"comment_status":"closed","ping_status":"closed","template":"","meta":{"colormag_page_container_layout":"default_layout","colormag_page_sidebar_layout":"default_layout","footnotes":""},"class_list":["post-106","page","type-page","status-publish","hentry"],"_links":{"self":[{"href":"http:\/\/liceum-parczew.pl\/index.php\/wp-json\/wp\/v2\/pages\/106","targetHints":{"allow":["GET"]}}],"collection":[{"href":"http:\/\/liceum-parczew.pl\/index.php\/wp-json\/wp\/v2\/pages"}],"about":[{"href":"http:\/\/liceum-parczew.pl\/index.php\/wp-json\/wp\/v2\/types\/page"}],"author":[{"embeddable":true,"href":"http:\/\/liceum-parczew.pl\/index.php\/wp-json\/wp\/v2\/users\/3"}],"replies":[{"embeddable":true,"href":"http:\/\/liceum-parczew.pl\/index.php\/wp-json\/wp\/v2\/comments?post=106"}],"version-history":[{"count":5,"href":"http:\/\/liceum-parczew.pl\/index.php\/wp-json\/wp\/v2\/pages\/106\/revisions"}],"predecessor-version":[{"id":288,"href":"http:\/\/liceum-parczew.pl\/index.php\/wp-json\/wp\/v2\/pages\/106\/revisions\/288"}],"wp:attachment":[{"href":"http:\/\/liceum-parczew.pl\/index.php\/wp-json\/wp\/v2\/media?parent=106"}],"curies":[{"name":"wp","href":"https:\/\/api.w.org\/{rel}","templated":true}]}}