{"id":1052,"date":"2018-11-25T21:30:42","date_gmt":"2018-11-25T20:30:42","guid":{"rendered":"http:\/\/liceum-parczew.pl\/?page_id=1052"},"modified":"2023-06-15T14:53:59","modified_gmt":"2023-06-15T12:53:59","slug":"konkursy-i-olimpiady","status":"publish","type":"page","link":"http:\/\/liceum-parczew.pl\/index.php\/konkursy-i-olimpiady\/","title":{"rendered":"Konkursy i olimpiady"},"content":{"rendered":"<blockquote class=\"wp-embedded-content\" data-secret=\"SqwpGvt1NW\"><p><a href=\"http:\/\/liceum-parczew.pl\/index.php\/2023\/06\/15\/x-regionalna-olimpiada-wiedzy-o-zdrowiu-psychicznym-radzyn-podlaski-2023\/\">X Regionalna Olimpiada wiedzy o zdrowiu psychicznym -Radzy\u0144 Podlaski 2023<\/a><\/p><\/blockquote>\n<p><iframe loading=\"lazy\" class=\"wp-embedded-content\" sandbox=\"allow-scripts\" security=\"restricted\" style=\"position: absolute; clip: rect(1px, 1px, 1px, 1px);\" title=\"&#8222;X Regionalna Olimpiada wiedzy o zdrowiu psychicznym -Radzy\u0144 Podlaski 2023&#8221; &#8212; I Liceum Og\u00f3lnokszta\u0142c\u0105ce w Parczewie\" src=\"http:\/\/liceum-parczew.pl\/index.php\/2023\/06\/15\/x-regionalna-olimpiada-wiedzy-o-zdrowiu-psychicznym-radzyn-podlaski-2023\/embed\/#?secret=uXZXeC0Cht#?secret=SqwpGvt1NW\" data-secret=\"SqwpGvt1NW\" width=\"600\" height=\"338\" frameborder=\"0\" marginwidth=\"0\" marginheight=\"0\" scrolling=\"no\"><\/iframe><\/p>\n<blockquote class=\"wp-embedded-content\" data-secret=\"PMy3hyZmhC\"><p><a href=\"http:\/\/liceum-parczew.pl\/index.php\/2019\/10\/11\/etap-powiatowy-vii-regionalnej-olimpiady-wiedzy-o-zdrowiu-psychicznym\/\">Etap powiatowy VII REGIONALNEJ OLIMPIADY WIEDZY O ZDROWIU PSYCHICZNYM<\/a><\/p><\/blockquote>\n<p><iframe loading=\"lazy\" class=\"wp-embedded-content\" sandbox=\"allow-scripts\" security=\"restricted\" style=\"position: absolute; clip: rect(1px, 1px, 1px, 1px);\" title=\"&#8222;Etap powiatowy VII REGIONALNEJ OLIMPIADY WIEDZY O ZDROWIU PSYCHICZNYM&#8221; &#8212; I Liceum Og\u00f3lnokszta\u0142c\u0105ce w Parczewie\" src=\"http:\/\/liceum-parczew.pl\/index.php\/2019\/10\/11\/etap-powiatowy-vii-regionalnej-olimpiady-wiedzy-o-zdrowiu-psychicznym\/embed\/#?secret=QB9b6Snqdw#?secret=PMy3hyZmhC\" data-secret=\"PMy3hyZmhC\" width=\"600\" height=\"338\" frameborder=\"0\" marginwidth=\"0\" marginheight=\"0\" scrolling=\"no\"><\/iframe><\/p>\n<blockquote class=\"wp-embedded-content\" data-secret=\"mCu1bgIUvL\"><p><a href=\"http:\/\/liceum-parczew.pl\/index.php\/2019\/10\/14\/49-ogolnopolska-olimpiada-biologiczna\/\">49 Og\u00f3lnopolska Olimpiada Biologiczna<\/a><\/p><\/blockquote>\n<p><iframe loading=\"lazy\" class=\"wp-embedded-content\" sandbox=\"allow-scripts\" security=\"restricted\" style=\"position: absolute; clip: rect(1px, 1px, 1px, 1px);\" title=\"&#8222;49 Og\u00f3lnopolska Olimpiada Biologiczna&#8221; &#8212; I Liceum Og\u00f3lnokszta\u0142c\u0105ce w Parczewie\" src=\"http:\/\/liceum-parczew.pl\/index.php\/2019\/10\/14\/49-ogolnopolska-olimpiada-biologiczna\/embed\/#?secret=LgTVxfcj1i#?secret=mCu1bgIUvL\" data-secret=\"mCu1bgIUvL\" width=\"600\" height=\"338\" frameborder=\"0\" marginwidth=\"0\" marginheight=\"0\" scrolling=\"no\"><\/iframe><\/p>\n","protected":false},"excerpt":{"rendered":"<p>X Regionalna Olimpiada wiedzy o zdrowiu psychicznym -Radzy\u0144 Podlaski 2023 Etap powiatowy VII REGIONALNEJ OLIMPIADY WIEDZY O ZDROWIU PSYCHICZNYM 49<\/p>\n","protected":false},"author":1,"featured_media":0,"parent":0,"menu_order":0,"comment_status":"closed","ping_status":"closed","template":"","meta":{"colormag_page_container_layout":"default_layout","colormag_page_sidebar_layout":"default_layout","footnotes":""},"class_list":["post-1052","page","type-page","status-publish","hentry"],"_links":{"self":[{"href":"http:\/\/liceum-parczew.pl\/index.php\/wp-json\/wp\/v2\/pages\/1052","targetHints":{"allow":["GET"]}}],"collection":[{"href":"http:\/\/liceum-parczew.pl\/index.php\/wp-json\/wp\/v2\/pages"}],"about":[{"href":"http:\/\/liceum-parczew.pl\/index.php\/wp-json\/wp\/v2\/types\/page"}],"author":[{"embeddable":true,"href":"http:\/\/liceum-parczew.pl\/index.php\/wp-json\/wp\/v2\/users\/1"}],"replies":[{"embeddable":true,"href":"http:\/\/liceum-parczew.pl\/index.php\/wp-json\/wp\/v2\/comments?post=1052"}],"version-history":[{"count":8,"href":"http:\/\/liceum-parczew.pl\/index.php\/wp-json\/wp\/v2\/pages\/1052\/revisions"}],"predecessor-version":[{"id":5987,"href":"http:\/\/liceum-parczew.pl\/index.php\/wp-json\/wp\/v2\/pages\/1052\/revisions\/5987"}],"wp:attachment":[{"href":"http:\/\/liceum-parczew.pl\/index.php\/wp-json\/wp\/v2\/media?parent=1052"}],"curies":[{"name":"wp","href":"https:\/\/api.w.org\/{rel}","templated":true}]}}