{"id":1033,"date":"2018-11-25T21:18:45","date_gmt":"2018-11-25T20:18:45","guid":{"rendered":"http:\/\/liceum-parczew.pl\/?page_id=1033"},"modified":"2018-12-04T09:26:13","modified_gmt":"2018-12-04T08:26:13","slug":"hymn-szkoly","status":"publish","type":"page","link":"http:\/\/liceum-parczew.pl\/index.php\/hymn-szkoly\/","title":{"rendered":"Hymn szko\u0142y"},"content":{"rendered":"<p>Niczym Kopernik sprzed lat<br \/>\nLudzko\u015bci pom\u00f3g\u0142 w ko\u0144cu,<br \/>\nZ trudem poruszaj\u0105c \u015bwiat<br \/>\nOdpoczynek da\u0142 s\u0142o\u0144cu.<\/p>\n<p>Ref.<br \/>\nPer aspera ad astra<br \/>\nPrzez wysi\u0142ek a\u017c do gwiazd.<br \/>\nTo jest motto,<br \/>\nKt\u00f3rym podbijemy \u015bwiat.<\/p>\n<p>Now\u0105 si\u0142\u0119 bierzemy st\u0105d,<br \/>\nGdzie jest skarbnica sztuki.<br \/>\nGdzie nasz dobry, ciep\u0142y k\u0105t,<br \/>\nGdzie pocz\u0105tek nauki.<\/p>\n<p>Ref.<br \/>\nPer aspera ad astra<br \/>\nPrzez wysi\u0142ek a\u017c do gwiazd.<br \/>\nTo jest motto,<br \/>\nKt\u00f3rym podbijemy \u015bwiat.<\/p>\n<p>Zaznaczymy ka\u017cdy krok<br \/>\nTym, co dla nas liczy si\u0119.<br \/>\nNiechaj ka\u017cdy nasz tu rok<br \/>\nB\u0119dzie marze\u0144 spe\u0142nieniem.<\/p>\n<p>Ref.<br \/>\nPer aspera ad astra<br \/>\nPrzez wysi\u0142ek a\u017c do gwiazd.<br \/>\nTo jest motto,<br \/>\nKt\u00f3rym podbijemy \u015bwiat.<\/p>\n<p>Autorki: Agnieszka Ilczuk, Izabela Ignatowicz<\/p>\n<p>&nbsp;<\/p>\n","protected":false},"excerpt":{"rendered":"<p>Niczym Kopernik sprzed lat Ludzko\u015bci pom\u00f3g\u0142 w ko\u0144cu, Z trudem poruszaj\u0105c \u015bwiat Odpoczynek da\u0142 s\u0142o\u0144cu. Ref. Per aspera ad astra<\/p>\n","protected":false},"author":1,"featured_media":1092,"parent":0,"menu_order":0,"comment_status":"closed","ping_status":"closed","template":"","meta":{"colormag_page_container_layout":"default_layout","colormag_page_sidebar_layout":"default_layout","footnotes":""},"class_list":["post-1033","page","type-page","status-publish","has-post-thumbnail","hentry"],"_links":{"self":[{"href":"http:\/\/liceum-parczew.pl\/index.php\/wp-json\/wp\/v2\/pages\/1033","targetHints":{"allow":["GET"]}}],"collection":[{"href":"http:\/\/liceum-parczew.pl\/index.php\/wp-json\/wp\/v2\/pages"}],"about":[{"href":"http:\/\/liceum-parczew.pl\/index.php\/wp-json\/wp\/v2\/types\/page"}],"author":[{"embeddable":true,"href":"http:\/\/liceum-parczew.pl\/index.php\/wp-json\/wp\/v2\/users\/1"}],"replies":[{"embeddable":true,"href":"http:\/\/liceum-parczew.pl\/index.php\/wp-json\/wp\/v2\/comments?post=1033"}],"version-history":[{"count":5,"href":"http:\/\/liceum-parczew.pl\/index.php\/wp-json\/wp\/v2\/pages\/1033\/revisions"}],"predecessor-version":[{"id":1094,"href":"http:\/\/liceum-parczew.pl\/index.php\/wp-json\/wp\/v2\/pages\/1033\/revisions\/1094"}],"wp:featuredmedia":[{"embeddable":true,"href":"http:\/\/liceum-parczew.pl\/index.php\/wp-json\/wp\/v2\/media\/1092"}],"wp:attachment":[{"href":"http:\/\/liceum-parczew.pl\/index.php\/wp-json\/wp\/v2\/media?parent=1033"}],"curies":[{"name":"wp","href":"https:\/\/api.w.org\/{rel}","templated":true}]}}